+ 950550. What is i(-8)?
-18
Let q(v) = -v**3 + 2*v**2 + 369*v + 59. Determine q(20).
239
Let y(k) = -4*k**2 + 824*k + 5909. What is y(-7)?
-55
Let b(z) = -44*z + 20. Determine b(-19).
856
Let s(x) = 1574*x + 4116. What is s(-3)?
-606
Let i(m) = -7*m**2 + 1263*m + 17743. Calculate i(-13).
141
Let i(f) = 14*f**2 - 245*f + 1593. Calculate i(7).
564
Let w(y) = -26*y**2 + 15*y + 13404. Calculate w(23).
-5
Let i(x) = -458*x + 13470. Calculate i(26).
1562
Let s(u) = u**3 - 96*u**2 + 1556*u + 1423. Determine s(75).
-2
Let j(p) = -364*p + 80. Calculate j(-6).
2264
Let u(j) = j**2 - 125*j + 3831. Determine u(56).
-33
Let m(r) = -2436*r - 28766. Give m(-12).
466
Let c(b) = 7*b**3 - 452*b**2 + 247*b + 589. What is c(64)?
13
Let s(u) = -702*u - 985. Give s(-2).
419
Let o(m) = -1203*m + 15277. Determine o(13).
-362
Let w(x) = 156839*x - 1882075. Determine w(12).
-7
Let x(k) = 8404980*k - 42024919. Calculate x(5).
-19
Let s(g) = 2*g**2 - 811*g - 44551. What is s(-49)?
-10
Let q(y) = -590*y**2 - 21*y + 3. What is q(-1)?
-566
Let c(d) = -2*d**2 - 26*d + 497. Determine c(-27).
-259
Let y(c) = -5961*c + 17034. Give y(3).
-849
Let t(u) = -1023914*u + 2047820. Calculate t(2).
-8
Let h(m) = 19*m**2 + 528*m - 5972. Calculate h(9).
319
Let u(z) = 3239*z + 17531. What is u(-5)?
1336
Let w(s) = s**2 - 5172*s + 884116. What is w(177)?
1
Let b(p) = -p**3 + 45*p**2 + 242*p - 20929. What is b(34)?
15
Let o(b) = -12127*b - 315319. Calculate o(-26).
-17
Let o(y) = y**2 - 73024*y - 16187159. Calculate o(-221).
-14
Let o(g) = 5*g**2 + 57*g + 470. Give o(-5).
310
Let h(v) = 5*v**2 - 369*v + 2886. Calculate h(65).
26
Let z(s) = -s**2 - 540*s + 51007. Calculate z(82).
3
Let z(g) = 72*g + 21. Give z(-3).
-195
Let a(x) = x**2 - 165*x + 6611. Calculate a(64).
147
Let u(d) = -37*d**2 - 18056*d + 18086. What is u(-489)?
-7
Let j(h) = -h**3 - 118*h**2 - 14043*h - 1685293. Calculate j(-119).
-15
Let f(l) = -l**3 + 20*l**2 - 4964*l + 88707. What is f(18)?
3
Let s(h) = -3*h**2 - 180*h + 27237. Determine s(70).
-63
Let j(s) = -2*s**2 - 242*s + 508. Calculate j(-128).
-1284
Let b(g) = -1146*g - 17184. Give b(-15).
6
Let n(r) = r**3 - 68*r**2 - 406*r - 466. Determine n(-4).
6
Let z(w) = -19*w - 3303. Give z(-201).
516
Let r(z) = -1429*z + 4970. What is r(4)?
-746
Let a(z) = -3*z**3 + 7*z**2 - 417*z - 270. Determine a(0).
-270
Let b(u) = 18*u**2 + 376*u + 4218. What is b(-13)?
2372
Let f(t) = -2*t**2 - 166*t - 3637. Determine f(-28).
-557
Let y(m) = -10*m**2 + 1402*m + 6977. Calculate y(-5).
-283
Let m(y) = y**2 - 544*y + 523. Calculate m(0).
523
Let s(z) = -2*z**2 - 53169*z + 2663459. Determine s(50).
9
Let m(t) = 109*t + 11090. Determine m(-110).
-900
Let i(x) = 595*x - 2834. What is i(4)?
-454
Let c(k) = -1341*k - 2387. Calculate c(-2).
295
Let w(t) = -2299*t - 66740. What is w(-29)?
-69
Let z(w) = -953*w**2 + 32394*w + 264. Give z(34).
-8
Let d(k) = -16*k**3 + 783*k**2 - 140*k + 9246. Calculate d(49).
-15
Let j(o) = -9*o**2 - 1777*o - 4179. Give j(-195).
111
Let l(g) = -2*g**2 - 177*g - 3431. What is l(-59)?
50
Let s(b) = 41*b**2 - 113*b + 4. Calculate s(2).
-58
Let d(y) = 4*y**2 + 2343*y - 14886. Calculate d(-592).
-86
Let r(b) = -626*b - 22204. What is r(-35)?
-294
Let b(x) = x**2 + 43*x - 369. Calculate b(6).
-75
Let k(i) = -16185*i - 4305230. Give k(-266).
-20
Let k(y) = -5*y**2 - 7002*y - 21004. Determine k(-3).
-43
Let c(k) = 9*k**2 - 34*k - 897. Determine c(12).
-9
Let x(i) = -18*i**2 - 2106*i + 15777. Determine x(7).
153
Let q(g) = -g**3 + 3*g**2 + 4316*g + 41862. Determine q(-10).
2
Let k(a) = -11505*a - 4774579. Determine k(-415).
-4
Let u(f) = -5*f**2 - 267*f + 18673. Calculate u(40).
-7
Let r(g) = 2*g**3 - 101*g**2 - 786*g + 2423. Give r(57).
-142
Let a(c) = -c**3 + 218*c**2 - 626*c - 4057. What is a(215)?
28
Let o(l) = -24*l**2 - 139*l - 337. What is o(-6)?
-367
Let q(y) = -2*y**2 + 15540*y - 170690. Calculate q(11).
8
Let a(q) = -317*q + 48499. Determine a(153).
-2
Let a(i) = 47*i**2 + 286*i - 3361. Determine a(-12).
-25
Let g(k) = k**2 - 2591*k + 296527. What is g(120)?
7
Let f(c) = -71943*c + 2014400. What is f(28)?
-4
Let j(i) = -7*i**3 + 85*i**2 - 8*i + 10. What is j(0)?
10
Let u(k) = 1400*k + 224058. What is u(-160)?
58
Let d(t) = -t**2 + 60*t - 1264. Determine d(29).
-365
Let v(u) = -2*u**2 + 445*u + 921281. Give v(799).
34
Let l(w) = 324*w**2 + 26572*w + 191. Give l(-82).
-137
Let t(p) = -9*p**3 + 3420*p**2 - 3409*p - 759. Determine t(379).
-1
Let l(p) = -213*p**3 - 19173*p**2 - 262*p + 685. What is l(-90)?
-35
Let z(q) = 3*q**3 + 100*q**2 + 36*q + 108. Determine z(-33).
9
Let g(i) = -2*i**3 + 79*i**2 + 497*i - 18219. Determine g(40).
61
Let c(k) = 4250*k + 68003. Calculate c(-16).
3
Let j(s) = 1699*s**2 - 74*s + 13. Determine j(1).
1638
Let k(x) = x**3 - 82*x**2 + 4860*x - 195785. Calculate k(57).
10
Let o(p) = 34*p**2 - 586*p - 410. Determine o(18).
58
Let a(w) = w**3 + 2*w**2 - 294*w - 920. Determine a(-15).
565
Let z(b) = -16*b**3 + 151*b**2 + 1063*b + 911. What is z(-1)?
15
Let x(v) = -v**3 - 87*v**2 + 561*v + 30. Determine x(-93).
-249
Let h(b) = -2844*b + 13865. What is h(5)?
-355
Let f(w) = -16344*w + 261990. Calculate f(16).
486
Let h(k) = k**2 - 328*k + 20747. What is h(175)?
-6028
Let u(l) = 29378*l + 58746. What is u(-2)?
-10
Let i(w) = -635698*w + 635666. Give i(1).
-32
Let p(g) = 2*g**2 - 812*g + 22548. Determine p(376).
-12
Let w(f) = -2*f**2 + 3039*f - 24099. What is w(8)?
85
Let q(n) = -n**3 + 83*n**2 + 402*n - 486. What is q(1)?
-2
Let z(y) = 210*y**2 - 28149*y + 1101. Determine z(134).
-105
Let m(f) = 1606*f + 19303. Give m(-12).
31
Let n(y) = 350809*y - 5612938. What is n(16)?
6
Let w(g) = 280*g**2 - 38*g - 104. Determine w(-2).
1092
Let q(i) = i**3 - 286*i**2 + 714*i - 371538. Determine q(288).
-18
Let c(p) = -p**2 - 25*p + 43890. Give c(197).
156
Let c(p) = -5841*p + 3037318. Determine c(520).
-2
Let u(i) = 6700*i + 455614. Give u(-68).
14
Let h(i) = -i**2 - 1802*i - 44442. Calculate h(-25).
-17
Let k(o) = -3*o**3 - 61*o**2 + 214*o + 24. Calculate k(4).
-288
Let l(t) = -7*t**3 + 5*t**2 + 303*t - 1223. What is l(4)?
-379
Let m(f) = -395*f + 27240. Calculate m(69).
-15
Let c(y) = -13*y**3 - 9*y**2 + 38*y - 1. Determine c(3).
-319
Let w(o) = -24*o**3 + 167*o**2 + 209*o - 85. Give w(8).
-13
Let z(j) = 3*j**3 + 16*j**2 - 8*j + 58. Determine z(-6).
34
Let s(x) = -7*x**3 - 3*x**2 - 62*x - 132. Determine s(0).
-132
Let n(y) = -y**3 - 8*y**2 - 209*y - 3384. Give n(-13).
178
Let z(y) = 7*y**3 + 218*y**2 - 306*y + 87. Calculate z(1).
6
Let k(m) = m**3 + 19*m**2 - 7*m + 81. What is k(-17)?
778
Let y(t) = t**2 + 233*t - 43297. Give y(-355).
13
Let u(q) = 4*q**3 - 174*q**2 + 1756*q + 81. Give u(16).
17
Let l(g) = -2*g**2 + 153*g - 2004. Give l(57).
219
Let h(w) = -738*w - 3119. Determine h(-5).
571
Let x(l) = 2*l**2 - 5069*l + 155148. What is x(31)?
-69
Let h(o) = -12104*o - 96839. Determine h(-8).
-7
Let z(k) = 9*k**2 - 22519*k - 22518. What is z(-1)?
10
Let y(b) = 2629*b + 215656. What is y(-82)?
78
Let m(l) = l**2 + 102*l - 4939. Give m(63).
5456
Let s(a) = -5919*a + 94358. Give s(16).
-346
Let a(q) = -977*q + 3538. Determine a(-3).
6469
Let k(r) = r**2 - 236915*r + 9238149. Calculate k(39).
-15
Let a(t) = -t**2 - 143271*t + 6162502. What is a(43)?
0
Let b(r) = -r**3 + 71*r**2 + 774*r - 62932. What is b(69)?
-4
Let z(m) = 4*m**2 + 620*m + 4426. Give z(-148).
282
Let f(l) = -1164*l + 3710. Determine f(4).
-946
Let v(s) = 1377*s - 90842. Calculate v(66).
40
Let h(k) = 9024*k + 451214. Calculate h(-50).
14
Let g(f) = -619*f + 1370. Determine g(2).
132
Let m(c) = 50*c**2 - 1944*c - 591. Determine m(39).
-357
Let f(m) = -m**3 + 26*m**2 + 83*m - 2739. Give f(26).
-581
Let m(a) = 93833*a - 4316323. Determine m(46).
-5
Let h(m) = -7964*m + 175239. Determine h(22).
31
Let k(y) = 41208*y - 206428. Give k(5).
-388
Let m(w) = 758*w**2 - 5294*w + 11. What is m(7)?
95
Let d(x) = 30*x**2 - 8509*x - 43278. Calculate d(-5).
17
Let r(s) = s + 198. Give r(19).
217
Let i(n) = 4*n**2 + 10864*n - 108977. What is i(10)?
63
Let u(p) = -5*p**3 + 68*p**2 - 99*p - 505. What is u(11)?
-21
Let q(k) = -32*k**2 + 227*k + 54. Determine q(8).
-178
Let f(y) = y**3 - 20*y**2 - 1432*y + 26398. Give f(18).
-26
Let s(m) = -71*m**2 + 268*m - 220. Calculate s(3).
-55
Let s(f) = 1361*f - 126